rime factors of 2000706136?
2, 11, 13, 1033, 1693
List the prime factors of 865520350.
2, 5, 17310407
List the prime factors of 276289714.
2, 138144857
List the prime factors of 28464622.
2, 19, 749069
List the prime factors of 832071345.
3, 5, 7, 23, 344543
What are the prime factors of 1995203204?
2, 47, 283, 37501
What are the prime factors of 148437615?
3, 5, 83, 119227
List the prime factors of 3196419750.
2, 3, 5, 1420631
List the prime factors of 647986200.
2, 3, 5, 1079977
List the prime factors of 1195244481.
3, 1823, 218549
What are the prime factors of 887829710?
2, 5, 6343, 13997
What are the prime factors of 13380459?
3, 4460153
What are the prime factors of 689314760?
2, 5, 31, 67, 8297
What are the prime factors of 96431994?
2, 3, 347, 15439
List the prime factors of 368550791.
7, 52650113
What are the prime factors of 52618161?
3, 947, 18521
What are the prime factors of 136544181?
3, 31, 191, 7687
What are the prime factors of 2479304069?
11, 61, 743, 4973
List the prime factors of 90835022.
2, 31, 1465081
What are the prime factors of 78628201?
41, 107, 17923
List the prime factors of 251946916.
2, 13, 19, 255007
What are the prime factors of 2400013920?
2, 3, 5, 487, 10267
What are the prime factors of 1143012884?
2, 13, 17, 1293001
What are the prime factors of 109755700?
2, 5, 1097557
List the prime factors of 77906737.
77906737
What are the prime factors of 43160460?
2, 3, 5, 7, 102763
List the prime factors of 43081144.
2, 5385143
What are the prime factors of 48630659?
7, 11, 17, 97, 383
List the prime factors of 1029681834.
2, 3, 171613639
List the prime factors of 1454933087.
1454933087
What are the prime factors of 646970799?
3, 13751, 15683
What are the prime factors of 43424029?
11, 3947639
List the prime factors of 619980679.
619980679
What are the prime factors of 120887888?
2, 11, 686863
What are the prime factors of 2009351327?
19, 105755333
List the prime factors of 971902931.
347, 2800873
What are the prime factors of 3011657485?
5, 2447, 246151
What are the prime factors of 305904398?
2, 383, 399353
What are the prime factors of 9115136?
2, 19, 937
List the prime factors of 1573249085.
5, 53, 131, 45319
List the prime factors of 5782075168.
2, 751, 240599
List the prime factors of 4317867536.
2, 17, 29, 547397
What are the prime factors of 6262161329?
28393, 220553
List the prime factors of 9005552222.
2, 17, 264869183
What are the prime factors of 102071644?
2, 25517911
What are the prime factors of 563248854?
2, 3, 7, 37, 120817
List the prime factors of 151529426.
2, 31, 79, 30937
What are the prime factors of 93914921?
93914921
What are the prime factors of 1697735416?
2, 13, 3413, 4783
List the prime factors of 794798832.
2, 3, 31, 293, 1823
What are the prime factors of 917189559?
3, 11, 13, 17, 37, 103
What are the prime factors of 528523736?
2, 13, 5081959
What are the prime factors of 1661464926?
2, 3, 11, 29, 96451
What are the prime factors of 312066581?
312066581
List the prime factors of 275363246.
2, 17, 476407
List the prime factors of 57097773.
3, 313, 20269
List the prime factors of 7334708001.
3, 53, 46130239
List the prime factors of 74639067.
3, 311, 79999
What are the prime factors of 15324757?
7, 31, 70621
What are the prime factors of 129043148?
2, 13, 59, 42061
List the prime factors of 162626868.
2, 3, 31, 145723
What are the prime factors of 820947972?
2, 3, 13, 19, 173, 1601
What are the prime factors of 22080304?
2, 41, 97, 347
What are the prime factors of 246235332?
2, 3, 7, 23, 233, 547
List the prime factors of 149743525.
5, 769, 7789
List the prime factors of 4947169212.
2, 3, 37, 3714091
What are the prime factors of 1094258810?
2, 5, 23, 4757647
What are the prime factors of 4955731568?
2, 309733223
List the prime factors of 4686323813.
4686323813
List the prime factors of 142979059.
61, 149, 15731
What are the prime factors of 807463469?
37, 1777, 12281
What are the prime factors of 1025461337?
941, 1089757
List the prime factors of 7470006614.
2, 7, 17489, 30509
What are the prime factors of 341819202?
2, 3, 523, 108929
List the prime factors of 6804467.
139, 48953
List the prime factors of 121507770.
2, 3, 5, 73, 113, 491
List the prime factors of 65274248.
2, 13, 627637
List the prime factors of 230187227.
230187227
List the prime factors of 91565500.
2, 5, 13, 14087
What are the prime factors of 10839621?
3, 13, 41, 6779
List the prime factors of 15793546.
2, 7896773
What are the prime factors of 16696071?
3, 7, 88339
List the prime factors of 806892942.
2, 3, 223, 263, 2293
What are the prime factors of 2528816865?
3, 5, 383, 440177
List the prime factors of 2479808603.
5011, 494873
List the prime factors of 40702693.
19, 107, 20021
What are the prime factors of 105266125?
5, 17, 49537
What are the prime factors of 125530552?
2, 7, 179, 1789
List the prime factors of 333657355.
5, 66731471
What are the prime factors of 90983465?
5, 197, 92369
What are the prime factors of 175769542?
2, 13, 23, 41, 67, 107
What are the prime factors of 92983837?
151, 389, 1583
What are the prime factors of 29445077?
47, 127, 4933
List the prime factors of 808578279.
3, 37, 2428163
What are the prime factors of 4243817694?
2, 3, 19, 167, 222913
What are the prime factors of 332543246?
2, 7, 23, 193, 5351
List the prime factors of 78114679.
293, 266603
List the prime factors of 16449391.
7, 2349913
What are the prime factors of 881395640?
2, 5, 22034891
What are the prime factors of 2757928589?
13, 499, 425147
List the prime factors of 308982114.
2, 3, 7, 79, 3449
List the prime factors of 25770608.
2, 157, 10259
List the prime factors of 5201731757.
17, 233, 1313237
What are the prime factors of 207350397?
3, 23038933
What are the prime factors of 3059498298?
2, 3, 509916383
What are the prime factors of 9126638?
2, 4563319
List the prime factors of 2864217081.
3, 11, 197, 440581
List the prime factors of 166461657.
3, 191, 290509
List the prime factors of 14849346.
2, 3, 313, 7907
What are the prime factors of 91302383?
91302383
What are the prime factors of 3207948938?
2, 73, 787, 27919
What are the prime factors of 873179963?
3001, 290963
What are the prime factors of 356291360?
2, 5, 263, 8467
List the prime factors of 23525491.
11, 73, 29297
What are the prime factors of 1361446714?
2, 680723357
List the prime factors of 5005287454.
2, 2502643727
List the prime factors of 282133759.
31, 9101089
What are the prime factors of 113994689?
71, 1605559
List the prime factors of 225137991.
3, 13, 29, 137, 1453
List the prime factors of 1659576958.
2, 13, 17, 288823
List the prime factors of 2630742982.
2, 7, 103, 1824371
List the prime factors of 301099237.
857, 351341
What are the prime factors of 1525060?
2, 5, 76253
List the prime factors of 1502190823.
7, 214598689
List the prime factors of 458582315.
5, 43, 2132941
What are the prime factors of 2086022855?
5, 7, 47, 181157
What are the prime factors of 560936199?
3, 17, 2749, 4001
List the prime factors of 643969040.
2, 5, 11, 13, 181, 311
What are the prime factors of 530802620?
2, 5, 19, 1396849
What are the prime factors of 146072126?
2, 17, 23, 186793
What are the prime factors of 85338894?
2, 3, 641, 22189
What are the prime factors of 272474215?
5, 13, 17, 23, 71, 151
What are the prime factors of 1945215061?
89, 21856349
List the prime factors of 1208542665.
3, 5, 11, 17, 29, 83, 179
List the prime factors of 962235107.
19, 23, 2201911
What are the prime factors of 193107207?
3, 317, 203057
What are the prime factors of 5909569797?
3, 1969856599
What are the prime factors of 20239370?
2, 5, 19, 37, 2879
What are the prime factors of 70808317?
70808317
What are the prime factors of 3083880075?
3, 5, 373, 110237
List the prime factors of 395091654.
2, 3, 23, 43, 139, 479
What are the prime factors of 96385257?
3, 17, 37057
List the prime factors of 266791613.
11, 61, 97, 4099
List the prime factors of 363295019.
53, 6854623
List the prime factors of 129889425.
3, 5, 37, 46807
List the prime factors of 3615584946.
2, 3, 2647, 227653
List the prime factors of 5081047381.
55001, 92381
List the prime factors of 1890502313.
7, 270071759
What are the prime factors of 247993079?
3373, 73523
List the prime factors of 36760280.
2, 5